1 - 67274?
-67273
In base 9, what is 2 - 285724?
-285722
In base 11, what is -707 + -56?
-762
In base 11, what is 1 - -21a030?
21a031
In base 8, what is -7 - -14356?
14347
In base 16, what is -874 + -f72?
-17e6
In base 8, what is 3 + -34161?
-34156
In base 3, what is 0 + -2220022?
-2220022
In base 15, what is 1e38 - 18?
1e20
In base 10, what is -148342 - -3?
-148339
In base 9, what is -2057 + 82?
-1865
In base 4, what is 30211 + -2331?
21220
In base 2, what is -100000011010 - -1000001000?
-11000010010
In base 4, what is -21203022 + -12?
-21203100
In base 6, what is 25102 - -12?
25114
In base 14, what is 4d5 + 1?
4d6
In base 8, what is 14 - 2524?
-2510
In base 6, what is 4021240 + -1?
4021235
In base 2, what is -10 - -11011010101101011111?
11011010101101011101
In base 6, what is 540532 + 5?
540541
In base 13, what is 552 - a6?
479
In base 4, what is -3122 - -1313?
-1203
In base 6, what is -403550 + -4?
-403554
In base 8, what is 32 - -1370?
1422
In base 3, what is -1001012 + -1110?
-1002122
In base 13, what is 144 - -29?
170
In base 13, what is -1230 - -12?
-121b
In base 15, what is -111a + 31?
-10d9
In base 2, what is 11101010100100110011 + 10?
11101010100100110101
In base 11, what is -1857 - -2?
-1855
In base 10, what is 172 - 62?
110
In base 3, what is 2012120000222 + 0?
2012120000222
In base 6, what is 252451 + -2?
252445
In base 8, what is 1 - -1136470?
1136471
In base 5, what is -3 - 34121410?
-34121413
In base 16, what is -d36fd - 5?
-d3702
In base 12, what is -6250 - 2?
-6252
In base 12, what is 1288 - 10?
1278
In base 2, what is 100001100110100 + -111010?
100001011111010
In base 7, what is -24252 - 4?
-24256
In base 3, what is -11011010010 - -1?
-11011010002
In base 9, what is 0 + 226658?
226658
In base 16, what is -4 - -3a4?
3a0
In base 12, what is -44b38 - -a?
-44b2a
In base 2, what is 100000100100111001 + 0?
100000100100111001
In base 9, what is -367 - -343?
-24
In base 12, what is -291 - 1530?
-1801
In base 6, what is -2045003 + -2?
-2045005
In base 7, what is -20031 - -16?
-20012
In base 2, what is 10 - 1011000001111111?
-1011000001111101
In base 12, what is -a - bbb4?
-10002
In base 15, what is c4 - -10c?
1d1
In base 8, what is -3 + 2050?
2045
In base 12, what is 36 + 4255?
428b
In base 8, what is 6107 + -11?
6076
In base 9, what is 41 + 186365?
186416
In base 13, what is 288a - 2?
2888
In base 6, what is 122053 - -5?
122102
In base 8, what is 70725374 - -1?
70725375
In base 15, what is -3b + -13c?
-178
In base 6, what is 24521541 - -3?
24521544
In base 15, what is 1 - 1c40b?
-1c40a
In base 6, what is 1354 + -144144?
-142350
In base 13, what is 5 + -1260a?
-12605
In base 14, what is 1127a + -d?
1126b
In base 16, what is -c - -8a30?
8a24
In base 2, what is 101 + -100101111100101?
-100101111100000
In base 8, what is 60545 + -4?
60541
In base 14, what is -1 - 25767?
-25768
In base 9, what is 7816 - 4?
7812
In base 13, what is 67b5b + 2?
67b60
In base 3, what is -11 + 10020111000011?
10020111000000
In base 16, what is e - 14f8c?
-14f7e
In base 15, what is -299a + 3?
-2997
In base 15, what is -2a204 - 5?
-2a209
In base 11, what is 37 + -a819?
-a792
In base 3, what is 22 - 11022011?
-11021212
In base 6, what is -333 + 1412?
1035
In base 7, what is -511521 + 0?
-511521
In base 6, what is -1 - 40341?
-40342
In base 16, what is -1f7a32 + -4?
-1f7a36
In base 12, what is -468 - 7b?
-527
In base 12, what is 137 + -317?
-1a0
In base 15, what is 33 + 338?
36b
In base 9, what is -653436 - 14?
-653451
In base 4, what is 31313000232 - 1?
31313000231
In base 11, what is -33 + 85619?
85596
In base 9, what is -6028847 - 2?
-6028850
In base 12, what is -5 + 22644?
2263b
In base 2, what is -100101 + 10110000011110111?
10110000011010010
In base 14, what is 383c - 7c?
37a0
In base 10, what is 5 - -8744?
8749
In base 3, what is -121211 - -20120?
-101021
In base 14, what is cb4d0 + -3?
cb4cb
In base 6, what is 23 - 153021?
-152554
In base 15, what is 14 - 673?
-65e
In base 4, what is 1322 - 1201202?
-1133220
In base 3, what is 2011001 - 122100?
1111201
In base 9, what is -37 - 647?
-685
In base 13, what is -6c + 59?
-13
In base 16, what is 550 - -1a?
56a
In base 15, what is -9a + 9c?
2
In base 11, what is -2 - -1395aa?
1395a8
In base 15, what is 5 + -7c14c?
-7c147
In base 13, what is 4724a - 5?
47245
In base 12, what is -12013 + -61?
-12074
In base 5, what is 14414 + 2004?
21423
In base 15, what is -e - 416d?
-417c
In base 11, what is -3a - 4318a?
-43219
In base 6, what is -3 - 1351141?
-1351144
In base 6, what is -3 - -1332442?
1332435
In base 14, what is -2 - -1a274b?
1a2749
In base 11, what is -3a0 + -169?
-559
In base 13, what is -6433 + -4?
-6437
In base 12, what is b + 1b2b91?
1b2ba0
In base 2, what is -10000111010110 - -1101?
-10000111001001
In base 3, what is 2110 + -111022?
-101212
In base 7, what is -12 - -50611?
50566
In base 9, what is 2634 - -14?
2648
In base 13, what is 29a6 - 9?
299a
In base 10, what is 573 - -422?
995
In base 15, what is 12 + -5bd?
-5ab
In base 11, what is 10719 - 4?
10715
In base 9, what is 113411 + 2?
113413
In base 11, what is 37 - -2651?
2688
In base 14, what is 58 - -b2d?
b87
In base 12, what is -5328 - 3?
-532b
In base 5, what is -242312 - 4?
-242321
In base 5, what is 120211 - 112?
120044
In base 2, what is -11101 - 1110011111010010?
-1110011111101111
In base 4, what is -22110 + -322?
-23032
In base 8, what is 46 - 23?
23
In base 6, what is -111 - 120414?
-120525
In base 10, what is -5 - -8571?
8566
In base 14, what is -a1d20 - -1?
-a1d1d
In base 6, what is -4 - -55410?
55402
In base 10, what is 84 + 6402?
6486
In base 13, what is -3 + -1809?
-180c
In base 7, what is -1 - -50325?
50324
In base 5, what is -3 - -301304?
301301
In base 3, what is -10 + 2111120020202?
2111120020122
In base 4, what is -1210 - 33200?
-101010
In base 4, what is 321012 + -122120?
132232
In base 16, what is -22cc1 + 2?
-22cbf
In base 10, what is 147183 + -3?
147180
In base 6, what is 3424 - -134?
4002
In base 9, what is 45 - -1317?
1363
In base 8, what is 141710 + -5?
141703
In base 10, what is -280 - 4?
-284
In base 10, what is 12 - -1233?
1245
In base 4, what is 121210231 - -11?
121210302
In base 8, what is -4 - 70457?
-70463
In base 9, what is -11 - -640?
628
In base 3, what is 12 - 200100212?
-200100200
In base 4, what is 133301 + 3110?
203011
In base 5, what is 1410233 + 14?
1410302
In base 13, what is 4 - 17c85?
-17c81
In base 15, what is 58 + 26?
7e
In base 16, what is -887e + 2?
-887c
In base 12, what is -1abb70 - 3?
-1abb73
In base 13, what is -36449 - 11?
-3645a
In base 3, what is -1110120222121 + -12?
-1110120222210
In base 7, what is -40 + 52163?
52123
In base 13, what is -b1a1 + 3?
-b19b
In base 6, what is 23 + -3242420?
-3242353
In base 2, what is -11100010101111100110111 + -1?
-11100010101111100111000
In base 5, what is 22 - -2010022?
2010044
In base 10, what is -55922 - 54?
-55976
In base 15, what is 8eae - 5?
8ea9
In base 8, what is -156017 - 12?
-156031
In base 16, what is e774 - -13?
e787
In base 13, what is -1334aa + 3?
-1334a7
In base 9, what is -108 + -65541?
-65650
In base 3, what is 1012110 - -21111?
1110221
In base 2, what is -11 + 10100100110010?
10100100101111
In base 2, what is 1000010001 + -1110100?
110011101
In base 5, what is 12214 + 120?
12334
In base 11, what is -168 + 83?
-95
In base 4, what is 201310 - 0?
201310
In base 11, what is 123386 + 0?
123386
In base 9, what is 7304 + 257?
7562
In base 13, what is -613 - -45?
-59b
In base 16, what is 17c - a2d?
-8b1
In base 2, what is 1001 + 110000000001?
110000001010
In base 6, what is 452 - 100?
352
In base 15, what is -2131 + -1a?
-214b
In base 16, what is 4060 - -1?
4061
In base 6, what is 544 - -2320?
3304
In base 2, what is 111000010011001 - 1?
111000010011000
In base 2, what is -1001001000100111110 + -10?
-1001001000101000000
In base 8, what is 776 + 672?
1670
In base 5, what is -232 + -10424?
-11211
In base 7, what is 6 - -13223?
13232
In base 13, what is -65805 + 5?
-65800
In base 9, what is 140 + 224?
364
In base 16, what is 3363 - 251?
3112
In base 12, what is -752a7 - 2?
-752a9
In base 16, what is -5 - -3658?
3653
In base 10, what is 9 + -104?
-95
In base 12, what is -79380 + 2?
-7937a
In base 6, what is -22 + -455323?
-455345
In base 2, what is -10